2)/v). Suppose -c + 3 = -y. What is the units digit of c?
3
Suppose l - 5*a + 10*a = 3, 2*l + a = 24. Let c(b) = -10*b. Let d be c(1). Let i = d + l. What is the units digit of i?
3
Let a = -613 + 1707. What is the tens digit of a?
9
Let v(y) = -5*y**3 + y**2 + 9. Let l be v(6). What is the units digit of (-2)/(l/205 - -5)?
1
What is the hundreds digit of 777/222*(0 - -410)?
4
Let w be 65/20 + (-6)/(-8). Let z(d) = 1 + w + d - 1. What is the units digit of z(10)?
4
Let m(i) = i**3 - 3*i**2 + 4*i - 2. Let z be m(2). Suppose z*q + 234 = 3*n - 0*n, 5*n = -q + 377. Let l = 106 - n. What is the units digit of l?
0
Suppose 14*o - 39463 = -1971. What is the units digit of o?
8
Suppose 0 = -6*w + 2674 + 1754. What is the hundreds digit of w?
7
Let p(o) = -o**3 + o**2 - 1. Let a be p(1). Let w be (-1)/(1/(a + -2)). Suppose 8 = i - 5*l, 3*l - 44 + 2 = -w*i. What is the tens digit of i?
1
Let k be 2/((-4)/(-6)) + 1. Suppose 0 = 2*v + 3*v. Suppose -k*t = -m - 59, v*t = -2*t + 2*m + 22. What is the tens digit of t?
1
Suppose 7416 = 62*y - 54*y. What is the units digit of y?
7
Let y be 7 - -27 - (0 + -2). What is the units digit of (12/y)/((-1)/(-174))?
8
Let k be (-144)/(-32) + 1/(-2). Suppose -5*h + 41 = t - 0*t, 0 = 2*h + k. What is the units digit of t?
1
Suppose -l - 4*w = 16, -w - 2*w = -l + 12. Suppose l = -7*b + 5*b + 38. What is the tens digit of b?
1
Suppose 6*s - s = 300. Suppose 3*d = 3*g - 252, g + 5*d - 54 = s. What is the tens digit of g?
8
Let w = -132 - -190. What is the units digit of 1 + 2 + (-4 + w)/3?
1
Let f be 3/(-9)*-1*9. Suppose -8 = 4*l + 4*r, -f*l - r - r = 2. Suppose -5*a + 45 = -l*a. What is the tens digit of a?
1
Let y(d) = -d**2 - 15*d + 20. Let m be y(-16). Suppose m = 5*g - g. What is the units digit of g?
1
Let a be ((-26)/6)/1*3. Suppose 6*i + 77 - 233 = 0. Let n = i + a. What is the tens digit of n?
1
Let z = -7 - -15. What is the units digit of ((-188)/8)/((-4)/z)?
7
Let a(t) = -18*t - 2. Let j(g) = 35*g + 5. Let n(x) = -5*a(x) - 3*j(x). Let v = 62 + -64. What is the tens digit of n(v)?
2
Suppose 15*r = 13*r - 202. Let y = r + 267. What is the tens digit of y?
6
Let s = 414 - 371. What is the units digit of s?
3
Let r(l) = -l**2 - 11*l - 17. Let d be r(-8). What is the units digit of (-728)/(-39)*18/d?
8
Suppose -13*q + 689 = -12*q. What is the hundreds digit of q?
6
Let h be 2/(24/9 - 2). Suppose -2*c = 5*a - 4, -2*a = 4*c - 0*a - 8. Suppose s + c = 0, -h*s - 33 + 87 = 3*q. What is the units digit of q?
0
Let h(d) = -51*d**3 + 5*d**2 + 7*d + 2. Let r(o) = -26*o**3 + 2*o**2 + 3*o + 1. Let m(j) = 3*h(j) - 7*r(j). What is the tens digit of m(1)?
2
Let o = 283 + -85. Suppose -2070 = -9*l - o. What is the tens digit of l?
0
Let f(a) = -a**2 + 1. Let r(n) = 13*n**2 + 4*n + 1. Let y(u) = -4*f(u) + r(u). Let d be y(2). Suppose -62 = -5*x + d. What is the units digit of x?
7
Let i(k) = -21*k**3 + k**2 - 7*k + 1. What is the hundreds digit of i(-4)?
3
Suppose -33*x - 6560 + 50285 = 0. What is the units digit of x?
5
Let r = -17 - -21. Let z(y) = y**2 + r - 2 + 3. What is the tens digit of z(5)?
3
Suppose 0*y + 505 = 3*y - 4*w, w = -5*y + 880. What is the hundreds digit of y?
1
Suppose -r - 1 = -2. Suppose r = -c + 3. Suppose c*n - 21 = -n. What is the units digit of n?
7
Suppose -2*h - 4*h + 66 = 0. Let l(r) = r**2 - 7*r - 10. What is the units digit of l(h)?
4
Suppose -3*m = -n - 2 - 12, 2*n - 5*m + 25 = 0. Let y(z) = z**2 - z. What is the tens digit of y(n)?
3
Suppose 0 = -p - 5*x + 12, -6*p - 4*x = -4*p - 12. Suppose 0 = p*b - b + 13. Let w(i) = -i**3 - 12*i**2 + 8*i - 10. What is the tens digit of w(b)?
5
Suppose -29 = -t + 172. Let g = t + -162. What is the units digit of g?
9
Let q(u) = 8*u - 1. Suppose 2*b - 4*m - 28 = 0, 2*b - 6*b + 5*m = -47. What is the tens digit of q(b)?
6
Suppose 34*g = 31*g - 1788. What is the units digit of g/(-2) - 4/6*-3?
0
Let l = 1240 - -25. What is the hundreds digit of l?
2
Let t(k) = -k**3 - 3*k**2 + 7*k + 4. Let n(y) = y**3 - 8*y**2 + 9*y + 7. Let w be n(7). Let d = w + -26. What is the units digit of t(d)?
9
Let q = -4 - -4. Let g be 9 - (1 + 1 + q). Let j = -5 + g. What is the units digit of j?
2
Suppose -4*a - 72 = -0*a. Let j be 6/a - (-152)/6. Let x = -20 + j. What is the units digit of x?
5
Suppose -4*r + 9 = -3*v, -2*v + 3*v - 13 = -4*r. Let u = 2 + v. What is the units digit of u?
3
Suppose 5*u - 610 = -5*q, -u = 3*u - 2*q - 458. Let r = u - 64. What is the tens digit of r?
5
Suppose 16*u - 1743 = 9553. What is the hundreds digit of u?
7
What is the tens digit of 20/30 - (-4820)/15?
2
Let x = -305 + 510. Suppose -5*h = 5, -2*q + 4*h + h = -x. What is the tens digit of q?
0
Let l(i) = i**2 + 6*i. Let m(h) = -h + 4. Let z be m(11). Let v be l(z). What is the units digit of (v + -3)*148/16?
7
Let r(x) = 2*x - 53. Let t(j) = j - 1. Let o(w) = -r(w) + 4*t(w). Let z = -243 + 243. What is the units digit of o(z)?
9
Let o(f) = -f**3 + 13*f**2 - 11*f + 22. What is the units digit of o(5)?
7
Let k = -10 + 5. What is the tens digit of (-264)/(1*-3) - (k + 3)?
9
Let s = 425 - -232. What is the hundreds digit of s?
6
Let p(q) = 4*q**2 - 9*q + 5 + 8 + 0 + q. What is the units digit of p(5)?
3
Let y(n) = 38*n**2 + 33*n + 33. What is the hundreds digit of y(8)?
7
Suppose 10554 - 2623 = 11*z. What is the tens digit of z?
2
Let f(c) = c - 3. Let t be f(5). Suppose 0*h - 126 = -t*h. What is the units digit of h?
3
Let x = -2 + -16. Let n be 168/x*(-6)/(-4). What is the units digit of (-12 + 13)/((-2)/n)?
7
Suppose -y + 6*y + 22 = -n, y = 5*n - 20. Let h be 27/(-18) - 110/(-4). Suppose -3*r = -4*r - n*l + h, -2*l - 6 = 0. What is the tens digit of r?
3
Let t(s) = -s**2 - 5*s + 17. Let u be t(-7). Suppose -4*x = 4*o - 276, -4*x + u*x = 5*o - 345. What is the tens digit of o?
6
Let q = -2 + 3. Let g(y) = -3648*y**2. Let v(r) = 41*r**2. Let f(p) = -3*g(p) - 266*v(p). What is the units digit of f(q)?
8
Let t(h) = 4 - 2 - 11*h**3 - 3*h**2 + h - h**2 + 0. What is the tens digit of t(-3)?
6
Suppose 4 = 2*w - w. Let o be w/20 - (-6)/(-5). Let m = o + 28. What is the tens digit of m?
2
Suppose 3 = 3*t - 0. Suppose -t = -2*v + 5. Suppose -54 = -6*p + v*p. What is the units digit of p?
8
Let c = 438 - 70. What is the hundreds digit of c?
3
Let t be (-1763)/(-9) - ((-15)/(-27))/(-5). Suppose -1364 = -13*h + t. What is the units digit of h?
0
Let b = 306 - -556. What is the hundreds digit of b?
8
Suppose 4*z + 500 = c, 9*c = 6*c + 4*z + 1492. Suppose 124 = -2*m + c. What is the hundreds digit of m?
1
Suppose -20*z + 1035 = -17*z. Suppose -i - 2*i = -3*n - z, -n = -2*i + 225. What is the hundreds digit of i?
1
Let s(u) = 9*u - 12*u**2 + 9 + u - u**3 + 6*u**2. Let y be s(-7). Let c = 17 + y. What is the units digit of c?
5
What is the hundreds digit of (12 + 533/(-52))/(1/424)?
7
Let v be (-60)/14 + (-8)/(-28). Let y(l) = -l**3 - l**2 + 4. What is the tens digit of y(v)?
5
Let j = -213 + 445. What is the hundreds digit of j?
2
Suppose -968 = 2*r - 3750. What is the units digit of r?
1
Let x = -5 + 5. Suppose 5*r + 2*l - 5 = 15, x = -4*r + 4*l - 12. Suppose 11 - 43 = -r*g. What is the tens digit of g?
1
Let o = 1229 + -728. What is the units digit of o?
1
Let p = 18 - 40. Let n be 752/(-22) + (-4)/p. What is the units digit of (12/12)/((-2)/n)?
7
Let y be ((-16)/(-8))/((5/2)/(-5)). Let c(m) = -2*m**3 - m**2 - 7*m - 3. What is the hundreds digit of c(y)?
1
Suppose -4*n + 15 = -d, 4*n - 1 + 0 = -d. Let j(g) = 4 - 3 - 3*g - 9 - 3*g - 4. What is the units digit of j(d)?
0
Suppose 5*u = -4*c - 150, 4*c = -6*u + 2*u - 124. What is the units digit of 1 + (-2975)/(-13) + (-4)/u?
0
Suppose -2*z = -z - 8. Let c be (2/(-4))/(z/(-752)). Let p = c + -26. What is the tens digit of p?
2
Suppose 2*f + 2*g = 7*f - 109, 4*f - 83 = 3*g. Let q = -8 + f. Let l = q - -6. What is the units digit of l?
1
Let i(s) = 2*s**2 - 5*s - 4. Let r be i(-2). Suppose 0 = r*h - 10*h - 556. What is the tens digit of h?
3
Let w(o) = 1. Let u(n) = -n - 1. Let j(f) = u(f) + 6*w(f). Let m be j(0). Suppose 0*a - 4*a = -m*g + 56, -2*g = -a - 23. What is the tens digit of g?
1
Let f(u) be the third derivative of 2*u**4/3 - 37*u**3/6 - 14*u**2. What is the tens digit of f(6)?
5
Let v(b) = -3*b + 38. Let o be v(-26). Suppose h - 106 = -y - 3*h, -y + o = 2*h.